is the units digit of -3*4/6 - b?
0
Suppose -11*x + x = -1160. What is the tens digit of x?
1
Let n(j) = j - 17. Let m be n(7). Let l = m - -32. Let d = l + -12. What is the units digit of d?
0
Let l = 2 - 8. Let y = -5 - l. Suppose -y = 4*c - 5. What is the units digit of c?
1
Suppose 0 = -4*m + 5*w + 113, 7*m + 2*w = 4*m + 79. What is the units digit of m?
7
Let z(j) = j**3 + 5*j**2 - 7*j - 6. Let p be z(-6). Suppose 5*i - 39 - 56 = p. What is the tens digit of i?
1
Suppose -2*y + 22 = 4*d, -2*d - 2*d + 49 = 5*y. Suppose -q = -m + q + 14, 3*m + 5*q = y. What is the units digit of m?
8
Let h be (-18)/3*2/3. Let z be h/(-5)*5/2. What is the units digit of (-2)/(z*(-1)/3)?
3
What is the units digit of -2*(-2 + 148/(-8))?
1
Let b = 0 + 26. What is the tens digit of b?
2
Let v(r) be the first derivative of r**2 + 2*r + 1. Let i = -3 - -7. What is the units digit of v(i)?
0
Let c = 3 + -7. Let q = c + 1. What is the units digit of (-2)/((-3)/q + -3)?
1
Let m(n) be the first derivative of n**4/4 - 8*n**3/3 + 3*n**2 + 5*n - 1. Let f be m(7). What is the units digit of 14/(2 - (-2)/f)?
4
Let z(a) = -a**2 - 5*a + 6. Let s be z(-7). Let c = -5 - s. Suppose -3*b + 2*w + 25 = c*w, -12 = -2*b - 3*w. What is the units digit of b?
9
What is the units digit of 5 - (-4 - 146)/1?
5
Let z be (-2)/(-4)*(2 + -98). Let s = z - -133. Suppose -4*v - v = -s. What is the units digit of v?
7
Let n be 1/((-3)/12*-1). Suppose 3*p = 7*p + n. What is the units digit of 2/1 + -1 - p?
2
What is the units digit of (-5 - -2)/(12/(-8)) + 105?
7
Suppose 0 = -5*w - 3*q + 71, -q + 13 = w - 0*q. Let y = w - 9. What is the units digit of y?
7
Let j = 24 - 16. Let r = -2 + j. Let w = r + -1. What is the units digit of w?
5
What is the units digit of -1 + 1/((-4)/(-384)) + -3?
2
Let g(t) = t + 7. Let i be g(-5). Suppose -q + i = -0. Suppose 5*y - 3*x - 17 = -2*x, -x + 11 = q*y. What is the units digit of y?
4
Let x = -2 + -2. Let m = x - -5. What is the units digit of m?
1
Suppose 0 = 2*i - 0 + 4. Let q be 3/(-6)*2 - -4. Let c = i + q. What is the units digit of c?
1
Suppose -2*m + 4*g = -4*m + 108, -4*m = 2*g - 198. What is the tens digit of m?
4
Let k(f) = -f**3 + f**2 + 2. Let g be k(0). Let o = 2 + g. What is the units digit of o?
4
Let c = -8 + 16. What is the units digit of c?
8
Suppose 4 = -3*k - 2. What is the units digit of ((1 - -2) + k)*18?
8
Suppose v - 2 = -10. Let x be v/(-2) + -3 + 5. What is the units digit of 16/(-12)*(-9)/x?
2
Suppose 5*b - 4*b = -5*g + 8, -b - 3*g = 0. Let o = b + 31. What is the tens digit of o?
1
Let s(m) = m**2 + 6*m + 3. Let l be s(7). Suppose 3*y - 23 - l = 0. What is the tens digit of y?
3
Suppose -2*z + 5*w = z + 10, 5*z - w - 20 = 0. Suppose 2*a - 76 = -4*g, -62 = 2*a - z*g - 165. What is the tens digit of a?
4
Let n(y) = -y + 2*y + 3 - 4*y**2 + 3*y**3 - 1 + 0*y**3. What is the units digit of n(2)?
2
Let c = 11 - 5. Let m = 11 + -15. Let p = m + c. What is the units digit of p?
2
Let m(w) = 7*w - 6. Suppose 12 = -b + 4*b. What is the units digit of m(b)?
2
Let k(t) be the second derivative of t**3/6 + 17*t**2/2 + 3*t. What is the tens digit of k(-7)?
1
Suppose 3*p + 14 = 4*n, -4*n + 0 - 2 = 5*p. Suppose -9 = i - n*i - 5*b, 8 = -4*b. Suppose -y = -3*v + i + 20, -3*y - 33 = -3*v. What is the units digit of v?
4
Suppose 0 = -p + 5 - 1. Suppose -p*c + y = -164, -4*c + y - 2*y = -156. What is the tens digit of c?
4
Let i(o) = o + 4. Let d be i(8). Suppose -3*y - 3*v + d = -12, -2*y - 5*v = -4. What is the units digit of y?
2
Let s(m) = 4*m + 7. Let x be s(6). What is the units digit of x/5 + 1/(-5)?
6
Suppose -3*z = -5*z - 2*u + 24, -18 = z - 5*u. Let g = z - 6. What is the units digit of g?
1
Suppose 0 = 3*z - 2*z + 11. Let a = 6 - z. What is the tens digit of a?
1
Let h(i) be the second derivative of 0 - i - 3/2*i**2 - 1/6*i**3. What is the units digit of h(-8)?
5
Suppose j + 4 = 2*w - 1, 1 = -w + 4*j. Suppose 0*m = w*m - 15. What is the units digit of m?
5
Suppose 0 = 3*s - 2*s + i - 4, 3*i + 20 = 5*s. What is the units digit of 6/12 + 38/s?
0
Let x = 0 - -3. Let z(j) = 3*j**2 + 2*j + 1. Let a be z(-1). What is the units digit of a/6 - (-2)/x?
1
What is the units digit of (6/5)/((-2)/(-60))?
6
What is the tens digit of 73 - 3/(-6)*2?
7
Suppose -3*m - 15 = 0, 2*v = -0*m + 2*m + 118. Suppose -5*t = 5*u - 75, 2*t - 2 - v = -4*u. What is the units digit of u?
3
Let d = 8 - 4. Suppose -2*h + 4 = 4*w - 8, d*h = -2*w. Suppose w*k = -k + 40. What is the units digit of k?
8
Let s = -16 - -14. What is the tens digit of 32 - -6*s/(-3)?
3
Let a be (2/(-2))/((-1)/3). Suppose -a*u = -26 - 4. What is the units digit of u?
0
Suppose 0 = -3*o + 2 + 1. What is the units digit of (o + 18/(-4))*-2?
7
Suppose 3*a = -a + 16. What is the units digit of 38 + a/((-16)/12)?
5
Let p = -9 + 21. Let w = -11 + p. What is the units digit of w?
1
Let p(m) = -3*m - 9. What is the units digit of p(-10)?
1
Suppose -25 = 3*q - 10. Let o(w) = w**3 + 6*w**2 + 5*w + 7. Let g be o(q). Suppose s + 5*d + 11 = -g, 0 = d + 5. What is the units digit of s?
7
Let b(w) = -5*w**3 - 4*w**2 - w + 4. What is the units digit of b(-2)?
0
What is the units digit of 372/(-9)*(-3)/2?
2
Let d(o) = -6*o - 6. What is the tens digit of d(-3)?
1
Let r(g) = -4*g + 0*g + g**3 + 0*g**3 + 2 + 1. What is the tens digit of r(3)?
1
Let m(x) = 3*x**3 + 10*x**2 - 4*x + 2. Let j(n) = 0*n + 7*n**3 - 1 - 9*n + 5 + 20*n**2. Let u(o) = -4*j(o) + 9*m(o). What is the units digit of u(10)?
2
Let b(j) = -j**3 + j**2 + j + 15. Suppose -k - 2*k = 0. What is the tens digit of b(k)?
1
Let s(b) = 13 - b - 16 + 2*b. What is the units digit of s(10)?
7
Let c(q) = -12*q - 4. Let b be c(-4). Suppose 4*o + 2*v = 60 + b, v - 130 = -5*o. What is the tens digit of o?
2
Let b(a) = 2*a + 3. Let l = 9 + -5. What is the units digit of b(l)?
1
Suppose -2*w = -6*w + 20. What is the units digit of 16 - w*2/5?
4
Let j = -8 - -23. What is the tens digit of j?
1
Let t(h) = -h**2 - 11*h + 7. What is the tens digit of t(-8)?
3
Let o = -2 + 44. What is the units digit of o?
2
Suppose 5*q = -20, 3*l + 0*q + q = 32. Suppose -2*d - 4 + l = 0. Let p = 16 - d. What is the units digit of p?
2
Let o(b) = -b**2 - 9*b + 9. Let z be o(-9). Let q = 18 - z. What is the units digit of q?
9
Let j be (-3)/(-9) + (-64)/(-6). Suppose -3*z - 3*d = -2*z - j, 5*z = -5*d + 45. Suppose 5*x + z + 14 = -3*l, 10 = -2*x. What is the units digit of l?
1
What is the units digit of 662/18 + 4/18?
7
Let x = -95 + 166. What is the tens digit of x?
7
Let t = -5 + -7. Let s = t - -26. What is the tens digit of s?
1
Suppose -5*f + 4 + 6 = 0. Suppose 4*i = -f + 22. What is the units digit of i?
5
Suppose 45 = -3*o + 213. What is the units digit of o?
6
Suppose 114 = -2*a + t, -4*t + 47 = -a - t. Let f = a - -82. What is the units digit of f?
3
Let q be 6/(-18) + (-16)/(-3). Suppose 2*x - 24 = -5*z, 2*z + z - 10 = -x. Suppose -h + x = 4*b - 2*h, q*b - 34 = -2*h. What is the units digit of b?
6
Let p be ((-3)/(-2))/((-9)/(-12)). Suppose -4*t + 16 = p*a, a = 4*t + 2*a - 18. What is the units digit of t?
5
What is the tens digit of -3 - ((-496)/(-4))/(-4)?
2
Let p = 123 + -87. What is the units digit of p?
6
Let l = 304 - 145. Suppose -4*w + u - l = -2*u, 2*u = -w - 26. Let t = 52 + w. What is the units digit of t?
6
Let c be (-2 - -1)*(-3 - 4). Let v = c - 4. What is the units digit of (v/6)/((-2)/(-24))?
6
Let c be -4 - -32 - (-1 + 3). Let g = c - 14. What is the units digit of -12*(g/9 - 2)?
8
Let z = 14 + -8. Suppose 40 = z*w - 2*w. What is the units digit of w?
0
Let t(l) be the third derivative of 0 - 1/120*l**6 - 1/2*l**3 + 1/24*l**4 + 0*l - 1/20*l**5 - l**2. What is the units digit of t(-4)?
9
Suppose l + l = -q + 1, -5*q = -4*l + 37. Suppose -9 = l*o - 0. What is the units digit of (-80)/(-12) + (-1)/o?
7
Let v = 8 + 68. What is the tens digit of v?
7
Let v(m) be the second derivative of m**4/6 - 2*m**2 - m. Let g be v(-4). Suppose d - g = -3*d. What is the units digit of d?
7
Suppose -4 = -p - 1. Suppose 0 = -4*t + p*t + 20. What is the tens digit of t?
2
Let c be (-39)/9 - 3/(-9). Let w(o) = o**3 + 5*o**2 + 5*o + 6. Let f be w(c). Let n = f - -2. What is the units digit of n?
4
Let c = 258 - 114. What is the units digit of c?
4
Suppose -4*f - 2 = 6. What is the units d